{"id":146,"date":"2018-06-04T16:05:39","date_gmt":"2018-06-04T16:05:39","guid":{"rendered":"http:\/\/multipurpose.loc\/hotel\/?page_id=146"},"modified":"2022-05-09T13:17:27","modified_gmt":"2022-05-09T13:17:27","slug":"nosotros","status":"publish","type":"page","link":"https:\/\/cabanaslarimar.cl\/web\/index.php\/nosotros\/","title":{"rendered":"Nosotros"},"content":{"rendered":"<p>[vc_row][vc_column][stm_spacer height=&#8221;40&#8243; height_tablet=&#8221;30&#8243; height_mobile=&#8221;20&#8243;][\/vc_column][\/vc_row][vc_row equal_height=&#8221;yes&#8221; content_placement=&#8221;middle&#8221; shadow_x_offset=&#8221;0&#8243; shadow_y_offset=&#8221;0&#8243; shadow_blur=&#8221;0&#8243; shadow_spread=&#8221;0&#8243;][vc_column width=&#8221;1\/4&#8243;][vc_custom_heading text=&#8221;LA<br \/>\nopci\u00f3n de alojamiento para grupos numerosos&#8221; font_container=&#8221;tag:h2|font_size:40px|text_align:left|line_height:47px&#8221; use_theme_fonts=&#8221;yes&#8221;][\/vc_column][vc_column width=&#8221;3\/4&#8243;][vc_column_text]<\/p>\n<p>Para la familia numerosa, o la empresa que necesite alojar a sus empleados en un solo lugar a un precio prudente, con las comodidades de un segundo hogar, cocina completa, WIFI, estacionamiento propio, dentro del radio urbano en la Avenida Las Industrias, ingreso y salida de la ciudad a 10 minutos de la Plaza de Armas.<\/p>\n<p>Es la opci\u00f3n ideal para una estada tranquila, segura y c\u00f3moda en la ciudad de Los \u00c1ngeles.<\/p>\n<p>[\/vc_column_text][\/vc_column][\/vc_row][vc_row][vc_column][stm_spacer height=&#8221;80&#8243; height_tablet=&#8221;50&#8243; height_mobile=&#8221;30&#8243;][\/vc_column][\/vc_row][vc_row][vc_column width=&#8221;1\/3&#8243;][vc_single_image image=&#8221;1373&#8243; img_size=&#8221;370&#215;450&#8243; alignment=&#8221;center&#8221; onclick=&#8221;link_image&#8221; css_animation=&#8221;none&#8221;][stm_spacer height=&#8221;30&#8243; height_tablet=&#8221;20&#8243; height_mobile=&#8221;10&#8243;][\/vc_column][vc_column width=&#8221;1\/3&#8243;][vc_single_image image=&#8221;1372&#8243; img_size=&#8221;370&#215;450&#8243; alignment=&#8221;center&#8221; onclick=&#8221;link_image&#8221;][stm_spacer height=&#8221;30&#8243; height_tablet=&#8221;20&#8243; height_mobile=&#8221;10&#8243;][\/vc_column][vc_column width=&#8221;1\/3&#8243;][vc_single_image image=&#8221;1371&#8243; img_size=&#8221;370&#215;450&#8243; alignment=&#8221;center&#8221; onclick=&#8221;link_image&#8221;][stm_spacer height=&#8221;30&#8243; height_tablet=&#8221;20&#8243; height_mobile=&#8221;10&#8243;][\/vc_column][\/vc_row][vc_row][vc_column][stm_spacer height=&#8221;20&#8243; height_tablet=&#8221;20&#8243; height_mobile=&#8221;10&#8243;][\/vc_column][\/vc_row][vc_row shadow_x_offset=&#8221;0&#8243; shadow_y_offset=&#8221;0&#8243; shadow_blur=&#8221;0&#8243; shadow_spread=&#8221;0&#8243;][vc_column width=&#8221;2\/3&#8243;][vc_tta_accordion c_icon=&#8221;chevron&#8221; c_position=&#8221;right&#8221; active_section=&#8221;1&#8243;][vc_tta_section title=&#8221;Contamos con:&#8221; tab_id=&#8221;1538132636712-264a5877-6fed&#8221;][vc_column_text]\u2022 Caban\u0303as para 6 personas<br \/>\n\u2022 Cocina completamente equipada<br \/>\n\u2022 Calefaccio\u0301n<br \/>\n\u2022 TV satelital<br \/>\n\u2022 Plancha de ropa<br \/>\n\u2022 Caja fuerte en cada caban\u0303a<br \/>\n\u2022 Ca\u0301maras de vigilancia y torres de iluminacio\u0301n<br \/>\n\u2022 Sistema de alarma[\/vc_column_text][\/vc_tta_section][\/vc_tta_accordion][\/vc_column][vc_column width=&#8221;1\/3&#8243; shadow_x_offset=&#8221;0&#8243; shadow_y_offset=&#8221;0&#8243; shadow_blur=&#8221;0&#8243; shadow_spread=&#8221;0&#8243; shadow_color=&#8221;&#8221;][vc_row_inner css=&#8221;.vc_custom_1566001446306{margin-right: 0px !important;margin-left: 0px !important;background-image: url(http:\/\/cabanaslarimar.cl\/web\/wp-content\/uploads\/2019\/08\/casa.jpg?id=1398) !important;background-position: center !important;background-repeat: no-repeat !important;background-size: cover !important;}&#8221;][vc_column_inner][stm_spacer height=&#8221;84&#8243; height_tablet=&#8221;60&#8243; height_mobile=&#8221;40&#8243;][stm_icon icon_color=&#8221;custom&#8221; icon_align=&#8221;center&#8221; height=&#8221;80&#8243; icon=&#8221;stmicon-hotel-peoples&#8221; icon_custom_color=&#8221;#ffffff&#8221;][stm_spacer height=&#8221;20&#8243; height_tablet=&#8221;20&#8243; height_mobile=&#8221;10&#8243;][vc_custom_heading text=&#8221;Caba\u00f1as Larimar&#8221; font_container=&#8221;tag:h3|text_align:center|color:%23ffffff&#8221; use_theme_fonts=&#8221;yes&#8221;][stm_spacer height=&#8221;10&#8243; height_tablet=&#8221;10&#8243; height_mobile=&#8221;10&#8243;][vc_column_text css=&#8221;.vc_custom_1566001173323{padding-right: 10% !important;padding-left: 10% !important;}&#8221;]<\/p>\n<p style=\"text-align: center;\"><span style=\"color: #ffffff;\">Para empresas o familia<\/span><\/p>\n<p>[\/vc_column_text][stm_spacer height=&#8221;70&#8243; height_tablet=&#8221;60&#8243; height_mobile=&#8221;40&#8243;][\/vc_column_inner][\/vc_row_inner][\/vc_column][\/vc_row][vc_row][vc_column][stm_spacer height=&#8221;70&#8243; height_tablet=&#8221;50&#8243; height_mobile=&#8221;30&#8243;][\/vc_column][\/vc_row][vc_row full_width=&#8221;stretch_row&#8221; stm_parallax=&#8221;enable&#8221; shadow_x_offset=&#8221;0&#8243; shadow_y_offset=&#8221;0&#8243; shadow_blur=&#8221;0&#8243; shadow_spread=&#8221;0&#8243; shadow_color=&#8221;&#8221; css=&#8221;.vc_custom_1566001710564{margin-bottom: -60px !important;background-image: url(http:\/\/cabanaslarimar.cl\/web\/wp-content\/uploads\/2019\/08\/reserve.jpg?id=1401) !important;}&#8221; stm_transparent_bg=&#8221;rgba(17,17,17,0.5)&#8221;][vc_column css_animation=&#8221;none&#8221; shadow_x_offset=&#8221;0&#8243; shadow_y_offset=&#8221;0&#8243; shadow_blur=&#8221;0&#8243; shadow_spread=&#8221;0&#8243; shadow_color=&#8221;&#8221; offset=&#8221;vc_col-lg-offset-2 vc_col-lg-8 vc_col-md-offset-2 vc_col-md-8 vc_col-xs-12&#8243;][stm_spacer height=&#8221;180&#8243; height_tablet=&#8221;120&#8243; height_mobile=&#8221;70&#8243;][vc_custom_heading text=&#8221;Para Empresas o Familia&#8221; font_container=&#8221;tag:h3|font_size:72|text_align:center|color:%23ffffff|line_height:80px&#8221; use_theme_fonts=&#8221;yes&#8221; css=&#8221;.vc_custom_1566001513858{margin-bottom: 30px !important;}&#8221;][vc_column_text css=&#8221;.vc_custom_1566001555370{margin-bottom: 40px !important;}&#8221;]<\/p>\n<p style=\"text-align: center; font-size: 18px; line-height: 30px; font-weight: normal;\"><span style=\"color: #ffffff;\">Reserve con antelaci\u00f3n<\/span><\/p>\n<p>[\/vc_column_text][stm_button button_pos=&#8221;center&#8221; button_border_color=&#8221;#dd3333&#8243; button_border_color_hover=&#8221;#dd3333&#8243; button_bg_color=&#8221;#dd3333&#8243; button_bg_color_hover=&#8221;rgba(0,0,0,0.01)&#8221; link=&#8221;url:%23|title:Ver%20Caba%C3%B1as||&#8221;][stm_spacer height=&#8221;160&#8243; height_tablet=&#8221;130&#8243; height_mobile=&#8221;70&#8243;][\/vc_column][\/vc_row]<\/p>\n","protected":false},"excerpt":{"rendered":"<p>[vc_row][vc_column][stm_spacer height=&#8221;40&#8243; height_tablet=&#8221;30&#8243; height_mobile=&#8221;20&#8243;][\/vc_column][\/vc_row][vc_row equal_height=&#8221;yes&#8221; content_placement=&#8221;middle&#8221; shadow_x_offset=&#8221;0&#8243; shadow_y_offset=&#8221;0&#8243; shadow_blur=&#8221;0&#8243; shadow_spread=&#8221;0&#8243;][vc_column width=&#8221;1\/4&#8243;][vc_custom_heading text=&#8221;LA opci\u00f3n de alojamiento para grupos numerosos&#8221; font_container=&#8221;tag:h2|font_size:40px|text_align:left|line_height:47px&#8221; use_theme_fonts=&#8221;yes&#8221;][\/vc_column][vc_column width=&#8221;3\/4&#8243;][vc_column_text] Para la familia numerosa, o la empresa que necesite alojar a sus empleados en un solo lugar a un precio prudente, con las comodidades de un segundo hogar, cocina completa, WIFI, estacionamiento propio, dentro [&hellip;]<\/p>\n","protected":false},"author":1,"featured_media":0,"parent":0,"menu_order":0,"comment_status":"closed","ping_status":"closed","template":"","meta":{"footnotes":""},"class_list":["post-146","page","type-page","status-publish","hentry"],"_links":{"self":[{"href":"https:\/\/cabanaslarimar.cl\/web\/index.php\/wp-json\/wp\/v2\/pages\/146","targetHints":{"allow":["GET"]}}],"collection":[{"href":"https:\/\/cabanaslarimar.cl\/web\/index.php\/wp-json\/wp\/v2\/pages"}],"about":[{"href":"https:\/\/cabanaslarimar.cl\/web\/index.php\/wp-json\/wp\/v2\/types\/page"}],"author":[{"embeddable":true,"href":"https:\/\/cabanaslarimar.cl\/web\/index.php\/wp-json\/wp\/v2\/users\/1"}],"replies":[{"embeddable":true,"href":"https:\/\/cabanaslarimar.cl\/web\/index.php\/wp-json\/wp\/v2\/comments?post=146"}],"version-history":[{"count":31,"href":"https:\/\/cabanaslarimar.cl\/web\/index.php\/wp-json\/wp\/v2\/pages\/146\/revisions"}],"predecessor-version":[{"id":1536,"href":"https:\/\/cabanaslarimar.cl\/web\/index.php\/wp-json\/wp\/v2\/pages\/146\/revisions\/1536"}],"wp:attachment":[{"href":"https:\/\/cabanaslarimar.cl\/web\/index.php\/wp-json\/wp\/v2\/media?parent=146"}],"curies":[{"name":"wp","href":"https:\/\/api.w.org\/{rel}","templated":true}]}}